rs of b.
2
Suppose 5*r - c - 236 = 0, -195 = -3*r - 3*c - 39. Suppose -b + 4*o - 31 = 0, 2*b - b + 5*o = 5. Let u = b + r. List the prime factors of u.
3, 11
Let i(n) = -4*n**2 - 19*n + 11. Let t(l) = 7*l**2 + 37*l - 22. Let q(g) = 5*i(g) + 3*t(g). Let d be q(-13). Let j = d + 75. List the prime factors of j.
5
Suppose 3*b - 3*x = 2*b, 9 = 2*b - 3*x. Let y be (b/27)/((-2)/354). Let i = y + 93. What are the prime factors of i?
2, 17
Let h(s) = 84*s**2 + 5*s - 2. List the prime factors of h(-5).
3, 691
Let s = -254 - -275. Let z be (-3)/(1 - 5/4). Suppose s = c - z. List the prime factors of c.
3, 11
Let d(r) = 8*r + 28. Suppose 0 = 5*z - 37 - 8. What are the prime factors of d(z)?
2, 5
Let s = 511 - 127. Let m = s + -137. What are the prime factors of m?
13, 19
Suppose -w = 22 - 38. Suppose 8*x - w - 32 = 0. What are the prime factors of x?
2, 3
Let j = -460 - 142. List the prime factors of j/(-5) - 39/(-65).
11
Suppose 3*r + 756 = 4*r - 2*p, -3*p = -3. List the prime factors of r.
2, 379
Let q = -1149 - -1992. What are the prime factors of q?
3, 281
Let k be -3 - (68*-1 + -3). Suppose -5*s = -307 - k. Suppose 2*c - 210 = -4*a, -a + 4*c = -0*a - s. List the prime factors of a.
5, 11
Suppose 11*w - 9574 = 38958. List the prime factors of w/28 - (-6)/14.
2, 79
Suppose 10*s = 7*s - 126. Let d be 96/s + (-4)/(-14). List the prime factors of (-145)/(-15) + d/(-6).
2, 5
Suppose -5*n - 5*o = 0, 0 = n - o - 4*o + 24. Suppose 2*w = 2*q + w - 9, -4*w + 30 = 3*q. List the prime factors of (-94)/n + 3/q.
2, 3
What are the prime factors of -111*6*(-5)/15?
2, 3, 37
Let m(h) = -h + 4. Let x be m(4). Suppose u + 12 - 37 = x. What are the prime factors of (-54)/(-15) + 10/u?
2
Suppose 2*u + 10 = 7*u. Suppose 4*s + 1 = z + u*s, -3*z = -2*s - 3. Let x = 6 + z. What are the prime factors of x?
7
Suppose -2*j - 5*u = -1712 - 8809, -2*j + 10551 = -5*u. List the prime factors of j.
2, 3, 439
Let x be (3 - 3)/(-1 + -1). Suppose y = -x*y + 76. List the prime factors of y.
2, 19
Let g(b) = 8 + 15 + 4*b - 3*b + 17. Let y(f) = -f + 2. Let w be y(2). List the prime factors of g(w).
2, 5
Let d be (100/(-30))/((-1)/51). Suppose 7*v - d = 2*v. Suppose 0 = 4*p + 4*s - v - 50, -5*s + 5 = 0. List the prime factors of p.
2, 5
Let j = 10 - -8. Suppose 0 = -9*k + 7*k + j. What are the prime factors of k?
3
Let w = -554 + 665. What are the prime factors of w?
3, 37
Let f(j) = 69*j**2 - 9*j. Suppose 3*q = 17*q - 28. What are the prime factors of f(q)?
2, 3, 43
Let k(m) = -20*m + 3. Let z(w) = 21*w - 3. Suppose 6*i - 12 = 2*i. Let f(u) = i*k(u) + 4*z(u). What are the prime factors of f(2)?
3, 5
Let z(q) = 466*q**3 - q**2 - 7*q + 7. What are the prime factors of z(1)?
3, 5, 31
Let p(u) = -12*u**2 - 2*u - 1. Let m be p(-1). Let c(n) = -n**3 - 10*n**2 + 13*n + 2. Let h be c(m). Let j = h + 46. What are the prime factors of j?
2, 13
Let r(y) = -y**3 - y**2 - 12. Let x be r(0). Let f(u) = u + 16. Let h be f(x). Suppose -s + h = 3*b - 0*s, -5*b = 3*s. List the prime factors of b.
3
Let a(l) = -l**2 + 6*l + 1794. What are the prime factors of a(0)?
2, 3, 13, 23
Suppose 5*v - 15 + 0 = 0. Suppose 21 = v*o - 39. Let u = -17 + o. List the prime factors of u.
3
Let y(a) = -3*a + 1. Let u be y(-3). Suppose 3*o - u + 1 = 0. Suppose o*w + 95 - 32 = 4*g, 3*g + 5*w - 69 = 0. What are the prime factors of g?
2, 3
Let n(v) = 4*v**3 - 9*v**2 + 2*v**2 + 2*v**2 + 2*v + v**2 + 2. What are the prime factors of n(2)?
2, 11
Let m = 19 - 17. Suppose 12 = -3*v, -5*v = m*o + o - 145. List the prime factors of o.
5, 11
Let a be 4/(-12) + 15/(-9). Let j be (a + 2)/(4 + -1). List the prime factors of 53 - (-2 + j) - 2.
53
Suppose 3*x - 12 = 0, 3*m + 7*x - 4*x = 108. Let i be -14 - 1/(4/12). Let j = i + m. What are the prime factors of j?
3, 5
Let j be (-1 - 0) + (-6)/6. List the prime factors of -3 - 74/4*j.
2, 17
What are the prime factors of 18/24 + 68/16?
5
Let s = 3733 - 1985. What are the prime factors of s?
2, 19, 23
Suppose 2785 = -16*c + 21*c. Suppose c = 4*g + 65. List the prime factors of g.
3, 41
Let y(r) = -r + 9. Suppose 5*p - 1 = -6, -23 = -3*m + 5*p. Let s be y(m). Suppose 11 = -s*k + 5*k - 3*z, -5*k + 65 = 5*z. What are the prime factors of k?
2, 5
Let p be 8/(-8)*(-1 - -9). Let o be 12 + -1 + p/4. Let y = o - 6. What are the prime factors of y?
3
Let c be 12/9*6/4. Suppose c*l + 4 = h, -1 = 4*l - h + 7. List the prime factors of (3 - 5 - l) + 4.
2
Suppose 1 = c + 2. Let o be (-4)/c + 59*1. List the prime factors of (294/o)/((-2)/(-3)).
7
List the prime factors of (-159)/21 - 84/(-147) - -4876.
3, 541
Let r(q) = 2*q**3 - 30*q**2 + 22*q - 5. What are the prime factors of r(15)?
5, 13
Suppose -11*l + 501 = -1655. List the prime factors of l.
2, 7
Suppose 72*d + 9701 - 140957 = 0. List the prime factors of d.
1823
Suppose 5*h = -116 + 476. Suppose -2*t - 2*d + h = 0, t + 5*d - 147 = -3*t. Suppose t = 2*v - 47. What are the prime factors of v?
2, 5
Suppose -2*i + 6 = 2. List the prime factors of 37*((-4)/i)/(-2).
37
Suppose 3*s + 0*s = 120. Let i = 102 - s. What are the prime factors of i?
2, 31
Suppose -101 = 3*p - 3188. What are the prime factors of p?
3, 7
Let y(z) = -z**2 - 10*z - 1. Let v(n) = -2*n - 5. Let i be v(-7). Let m be y(i). List the prime factors of (-6)/10 - m/20.
2
Let n = 16 + -16. Suppose g + 2*g - 15 = n. What are the prime factors of g?
5
Suppose 0 = 2*x + 10, -5*g = -x - 2*x - 1115. What are the prime factors of g/15 - -4 - (-2)/6?
19
Suppose 5*f + 7 = 4*u - 5*u, -4*u = -f - 14. Suppose u*i + 5*w - 316 = -0*w, 2*i - 215 = w. What are the prime factors of i?
107
Suppose 2*x + 6 = 0, -5 = -5*m + 2*x + 11. Suppose -m*h - 6 = 6. What are the prime factors of (-237)/(-27) - h/27?
3
Let c = 122 - 120. Let w = 16 - -62. Suppose -x + w = c*x. What are the prime factors of x?
2, 13
Suppose -4*u = -4*n + 528, 4*u - 901 + 205 = -5*n. Suppose 0 = -0*r - r + n. What are the prime factors of r?
2, 17
Let k(j) = -1004*j + 505*j + 501*j + 19. Let h be 8/(-12)*78/(-4). List the prime factors of k(h).
3, 5
List the prime factors of -1 + 2386 + 5*(-7)/5.
2, 29, 41
Suppose -16*q + 38458 = 25*q. List the prime factors of q.
2, 7, 67
Suppose -x + 18 = o + 2*x, 100 = 5*o + 5*x. Suppose 0 = 16*m - o*m + 85. What are the prime factors of m?
17
Suppose -z + 2344 = 4*p, 0 = -5*p + 14*z - 15*z + 2929. What are the prime factors of p?
3, 5, 13
Let t = -1503 - -2233. What are the prime factors of t?
2, 5, 73
Let a(m) = -92*m + 12. Let h(f) = 31*f - 4. Let x(b) = -4*a(b) - 11*h(b). What are the prime factors of x(2)?
2, 5
Let y(a) = -a - 10. Let j(m) = -m - 4. Let v be j(8). Let h be y(v). Suppose h = -4*n + 14. What are the prime factors of n?
3
Let x = 23 - 26. Let j be (-4 - (-1 + x))/(-1). Suppose -3*l - 3*p + 213 = j, -l + 5*l = p + 289. What are the prime factors of l?
2, 3
Suppose 130*l - 145*l + 61365 = 0. What are the prime factors of l?
4091
What are the prime factors of (273/(-56) - -5)*-6334*-4?
3167
Let p be 4/7*(2 - -5). Suppose 3*h + 452 = p*s, 2*h = s - 2*h - 126. List the prime factors of s.
2, 5, 11
Suppose 0 = -u + 3 - 1. Let n(w) = -w**2 + 11*w + 5. Let m be n(8). Suppose -5*i - m = -g, -50 = -5*g + 3*g + u*i. List the prime factors of g.
2, 3
Suppose 0 = 2*a - 22*c + 19*c - 842, 0 = 3*c + 6. What are the prime factors of a?
2, 11, 19
Suppose -r = 3*l - 1419 + 473, -3*l + r = -950. List the prime factors of l.
2, 79
Let m = -2773 + 6772. List the prime factors of m.
3, 31, 43
Let w = 1158 - 60. What are the prime factors of w?
2, 3, 61
List the prime factors of 178 - 2*(-35)/10.
5, 37
Let w = 7 + 2. List the prime factors of w/(-6)*70/(-3).
5, 7
Suppose -16 - 5019 = -5*s. List the prime factors of s.
19, 53
Suppose 2*m - 3*m - 3 = -3*v, 0 = 3*v - 3*m - 9. Let x be v/(-1 + 3 - 3). Suppose -52 = -4*l - x*l. List the prime factors of l.
13
Let x(j) = -28*j + 54. List the prime factors of x(-22).
2, 5, 67
Suppose -24 = 2*r + 3*t, -5*r + t - 60 = 2*t. Let b = r + 20. List the prime factors of b.
2
Let w be 4 - (-1 - -5) - -2. Suppose 0 = -p + w*x - 95, -4*p - 467 + 87 = 5*x. Let b = -65 - p. What are the prime factors of b?
2, 3, 5
Suppose 3*w - 6832 = -2*x, 3*x - 5 = 2*x. What are the prime factors of w?
2, 3, 379
Suppose 3*b + 4*a - a - 6 = 0, -5*b = -5*a + 10. Suppose b*q = -5*q - 40. Let h